5445?
5, 487, 2647
List the prime factors of 1013542.
2, 659, 769
List the prime factors of 1867247.
587, 3181
List the prime factors of 204016.
2, 41, 311
What are the prime factors of 12373939?
2297, 5387
What are the prime factors of 234922?
2, 23, 5107
List the prime factors of 17743270.
2, 5, 1774327
What are the prime factors of 1631947?
457, 3571
List the prime factors of 192166.
2, 13, 19, 389
What are the prime factors of 127671?
3, 42557
List the prime factors of 2755520.
2, 5, 79, 109
What are the prime factors of 7379243?
37, 53, 71
What are the prime factors of 529449?
3, 31, 5693
What are the prime factors of 1710955?
5, 342191
What are the prime factors of 252717?
3, 84239
List the prime factors of 360200.
2, 5, 1801
What are the prime factors of 1761591?
3, 13, 17, 2657
List the prime factors of 9755789.
79, 123491
What are the prime factors of 9567976?
2, 11, 108727
What are the prime factors of 22779431?
73, 312047
List the prime factors of 213993.
3, 13, 31, 59
List the prime factors of 3886484.
2, 7, 79, 251
What are the prime factors of 1716790?
2, 5, 171679
What are the prime factors of 271159?
7, 38737
What are the prime factors of 316007?
43, 7349
List the prime factors of 79508.
2, 11, 13, 139
List the prime factors of 549494.
2, 11, 24977
What are the prime factors of 278854?
2, 67, 2081
List the prime factors of 846649.
139, 6091
List the prime factors of 167453.
11, 13, 1171
What are the prime factors of 4102221?
3, 163, 8389
List the prime factors of 11648144.
2, 157, 4637
What are the prime factors of 2360031?
3, 257, 3061
What are the prime factors of 415848?
2, 3, 17327
List the prime factors of 72180.
2, 3, 5, 401
List the prime factors of 92551.
92551
List the prime factors of 460976.
2, 47, 613
List the prime factors of 18850.
2, 5, 13, 29
What are the prime factors of 11760700?
2, 5, 7, 53, 317
List the prime factors of 629944.
2, 7, 1607
List the prime factors of 15269634.
2, 3, 3491
List the prime factors of 1316569.
151, 8719
What are the prime factors of 9798419?
47, 163, 1279
List the prime factors of 419457.
3, 89, 1571
List the prime factors of 22102000.
2, 5, 43, 257
What are the prime factors of 5786953?
17, 340409
What are the prime factors of 7709051?
7, 499, 2207
What are the prime factors of 1254661?
1254661
List the prime factors of 7881008.
2, 492563
List the prime factors of 6221512.
2, 11, 19, 61
List the prime factors of 2275701.
3, 359, 2113
What are the prime factors of 1934251?
11, 101, 1741
List the prime factors of 3079697.
3079697
List the prime factors of 31708397.
7, 19, 29, 8221
What are the prime factors of 4500102?
2, 3, 151, 4967
List the prime factors of 6763947.
3, 2254649
List the prime factors of 6261157.
7, 894451
What are the prime factors of 100118?
2, 113, 443
List the prime factors of 2566807.
2566807
List the prime factors of 3800313.
3, 11, 23, 1669
What are the prime factors of 289016?
2, 7, 13, 397
List the prime factors of 1098119.
11, 99829
List the prime factors of 501912.
2, 3, 6971
What are the prime factors of 731707?
67, 163
List the prime factors of 434037.
3, 149, 971
List the prime factors of 1753278.
2, 3, 17, 17189
List the prime factors of 4761010.
2, 5, 476101
What are the prime factors of 296713?
296713
What are the prime factors of 925249?
13, 103, 691
List the prime factors of 4872580.
2, 5, 29, 31, 271
What are the prime factors of 2790799?
11, 37, 6857
What are the prime factors of 966219?
3, 322073
What are the prime factors of 13950586?
2, 13, 536561
List the prime factors of 12769903.
12769903
What are the prime factors of 2013854?
2, 17, 61, 971
List the prime factors of 3517614.
2, 3, 65141
List the prime factors of 321409.
11, 61, 479
List the prime factors of 8060.
2, 5, 13, 31
List the prime factors of 201048.
2, 3, 8377
What are the prime factors of 3116871?
3, 223, 1553
List the prime factors of 20342526.
2, 3, 37, 43, 2131
What are the prime factors of 38961?
3, 13, 37
What are the prime factors of 606210?
2, 3, 5, 11, 167
What are the prime factors of 52141?
23, 2267
What are the prime factors of 13189678?
2, 6594839
What are the prime factors of 3038607?
3, 11, 13, 787
What are the prime factors of 403982?
2, 73, 2767
List the prime factors of 984082.
2, 11, 41, 1091
List the prime factors of 24912134.
2, 13, 958159
What are the prime factors of 80669?
80669
What are the prime factors of 53638?
2, 13, 2063
What are the prime factors of 28723775?
5, 29, 39619
What are the prime factors of 141886?
2, 61, 1163
List the prime factors of 2177935.
5, 103, 4229
List the prime factors of 285095.
5, 19, 3001
What are the prime factors of 3391040?
2, 5, 10597
What are the prime factors of 5318515?
5, 31, 34313
What are the prime factors of 2109327?
3, 11, 41, 1559
List the prime factors of 3841687.
911, 4217
List the prime factors of 72404.
2, 23, 787
What are the prime factors of 112271?
19, 311
What are the prime factors of 401378?
2, 200689
List the prime factors of 2023958.
2, 1011979
What are the prime factors of 26610?
2, 3, 5, 887
List the prime factors of 52533.
3, 13, 449
What are the prime factors of 124885?
5, 24977
List the prime factors of 654840.
2, 3, 5, 17, 107
What are the prime factors of 14240132?
2, 3560033
List the prime factors of 217857.
3, 101, 719
List the prime factors of 286197.
3, 19, 5021
What are the prime factors of 167026?
2, 23, 3631
List the prime factors of 6465981.
3, 2155327
What are the prime factors of 8565511?
71, 120641
What are the prime factors of 26911884?
2, 3, 17, 29, 4549
List the prime factors of 3897126.
2, 3, 72169
What are the prime factors of 3851103?
3, 1283701
What are the prime factors of 778015?
5, 7, 22229
List the prime factors of 1828758.
2, 3, 17, 17929
List the prime factors of 33168.
2, 3, 691
What are the prime factors of 289101?
3, 29, 3323
List the prime factors of 1655269.
7, 11, 37, 83
What are the prime factors of 365010?
2, 3, 5, 23
List the prime factors of 50196.
2, 3, 47, 89
List the prime factors of 8369209.
59, 141851
What are the prime factors of 139342?
2, 7, 37, 269
List the prime factors of 2381180.
2, 5, 67, 1777
List the prime factors of 241251.
3, 29, 47, 59
What are the prime factors of 33173?
7, 677
What are the prime factors of 47070?
2, 3, 5, 523
What are the prime factors of 72764?
2, 18191
What are the prime factors of 1269405?
3, 5, 9403
List the prime factors of 5074318.
2, 2537159
What are the prime factors of 208832?
2, 13, 251
What are the prime factors of 2792634?
2, 3, 13, 35803
What are the prime factors of 109185?
3, 5, 29, 251
What are the prime factors of 1186214?
2, 317, 1871
What are the prime factors of 2503281?
3, 11, 31, 2447
List the prime factors of 254526.
2, 3, 59, 719
What are the prime factors of 254693?
47, 5419
What are the prime factors of 893294?
2, 446647
What are the prime factors of 8246574?
2, 3, 7, 65449
What are the prime factors of 449122?
2, 19, 53, 223
List the prime factors of 106978.
2, 89, 601
List the prime factors of 168672.
2, 3, 7, 251
What are the prime factors of 17937739?
907, 19777
List the prime factors of 593302.
2, 296651
List the prime factors of 2580852.
2, 3, 449, 479
List the prime factors of 104287.
104287
List the prime factors of 551741.
19, 71, 409
List the prime factors of 3859507.
37, 104311
What are the prime factors of 2539435?
5, 131, 3877
What are the prime factors of 2809346?
2, 29, 48437
What are the prime factors of 1186142?
2, 593071
What are the prime factors of 1055558?
2, 7, 10771
List the prime factors of 335248.
2, 23, 911
What are the prime factors of 6408741?
3, 2136247
What are the prime factors of 496153?
7, 70879
List the prime factors of 91706.
2, 45853
What are the prime factors of 188354?
2, 41, 2297
What are the prime factors of 542597?
11, 107, 461
What are the prime factors of 6206893?
7, 11, 149, 541
List the prime factors of 2782295.
5, 556459
List the prime factors of 25944229.
25944229
List the prime factors of 11119014.
2, 3, 617723
List the prime factors of 231638.
2, 11, 10529
List the prime factors of 1138747.
277, 4111
What are the prime factors of 10569518?
2, 67, 78877
List the prime factors of 27430282.
2, 11, 17, 71, 1033
List the prime factors of 355092.
2, 3